es 96 divide 8950?
False
Is 13 a factor of 416?
True
Is 1265 a multiple of 23?
True
Is 27 a factor of 216?
True
Is 1573 a multiple of 25?
False
Is 3145 a multiple of 37?
True
Does 17 divide 238?
True
Is 126270 a multiple of 138?
True
Is 33 a factor of 14751?
True
Does 16 divide 1520?
True
Is 32412 a multiple of 54?
False
Does 300 divide 39442?
False
Is 4926 a multiple of 108?
False
Does 11 divide 5104?
True
Is 15 a factor of 1668?
False
Is 494 a multiple of 13?
True
Is 80 a factor of 480?
True
Is 76 a factor of 5396?
True
Is 28115 a multiple of 114?
False
Is 27 a factor of 38475?
True
Is 189 a factor of 2870?
False
Is 142 a factor of 17907?
False
Does 7 divide 7595?
True
Does 186 divide 8429?
False
Does 42 divide 2160?
False
Is 21 a factor of 3379?
False
Is 109 a factor of 685?
False
Is 81 a factor of 223?
False
Does 153 divide 137394?
True
Is 55825 a multiple of 25?
True
Does 5 divide 16399?
False
Is 22913 a multiple of 42?
False
Does 7 divide 10045?
True
Is 13 a factor of 507?
True
Is 4 a factor of 223?
False
Is 95 a factor of 196?
False
Does 8 divide 10561?
False
Is 14 a factor of 101?
False
Is 26 a factor of 286?
True
Does 11 divide 297?
True
Is 7116 a multiple of 4?
True
Does 196 divide 554?
False
Is 82 a factor of 1508?
False
Is 533 a multiple of 41?
True
Is 13052 a multiple of 4?
True
Is 5489 a multiple of 85?
False
Is 9 a factor of 9279?
True
Is 3939 a multiple of 39?
True
Does 47 divide 3200?
False
Is 25 a factor of 12332?
False
Is 49876 a multiple of 37?
True
Is 6633 a multiple of 33?
True
Is 11 a factor of 451?
True
Is 1428 a multiple of 12?
True
Is 561 a multiple of 17?
True
Is 78 a factor of 11047?
False
Is 26 a factor of 130?
True
Does 38 divide 1786?
True
Is 4 a factor of 1900?
True
Is 71 a factor of 5964?
True
Does 99 divide 21261?
False
Does 22 divide 7172?
True
Is 52 a factor of 7696?
True
Does 6 divide 2398?
False
Is 5 a factor of 1139?
False
Is 535 a multiple of 48?
False
Is 306 a multiple of 6?
True
Is 12 a factor of 2025?
False
Is 20 a factor of 3500?
True
Is 3555 a multiple of 79?
True
Does 54 divide 2916?
True
Does 138 divide 1067?
False
Is 10580 a multiple of 8?
False
Does 47 divide 13797?
False
Does 47 divide 45919?
True
Is 109 a factor of 52102?
True
Is 59032 a multiple of 47?
True
Does 8 divide 5514?
False
Is 10 a factor of 1850?
True
Is 19 a factor of 228?
True
Is 4469 a multiple of 40?
False
Is 5 a factor of 71?
False
Is 9 a factor of 24256?
False
Is 2340 a multiple of 90?
True
Is 7951 a multiple of 31?
False
Is 189 a factor of 38556?
True
Is 2681 a multiple of 6?
False
Is 100318 a multiple of 99?
False
Is 3528 a multiple of 12?
True
Is 34 a multiple of 16?
False
Is 20 a factor of 4280?
True
Is 147 a factor of 588?
True
Is 115 a factor of 2875?
True
Is 16 a factor of 864?
True
Is 11 a factor of 4422?
True
Is 1570 a multiple of 8?
False
Is 10 a factor of 326?
False
Is 35 a factor of 2205?
True
Is 53 a factor of 151050?
True
Is 3 a factor of 35?
False
Does 83 divide 8552?
False
Does 33 divide 98?
False
Is 10230 a multiple of 186?
True
Does 43 divide 1462?
True
Does 194 divide 8600?
False
Is 480 a multiple of 48?
True
Is 20 a factor of 1580?
True
Does 225 divide 2622?
False
Is 528 a multiple of 6?
True
Is 644 a multiple of 28?
True
Does 78 divide 3690?
False
Does 59 divide 6350?
False
Is 14 a factor of 1078?
True
Is 20 a factor of 20433?
False
Does 94 divide 9024?
True
Does 11 divide 16?
False
Is 2 a factor of 66?
True
Does 16 divide 53584?
True
Does 15 divide 14325?
True
Is 27 a factor of 26670?
False
Does 91 divide 2366?
True
Does 85 divide 595?
True
Does 13 divide 1105?
True
Does 23 divide 661?
False
Is 34440 a multiple of 105?
True
Does 19 divide 1052?
False
Is 111 a factor of 1756?
False
Is 44 a factor of 227?
False
Is 34 a factor of 7887?
False
Does 3 divide 4940?
False
Does 108 divide 32724?
True
Is 20850 a multiple of 15?
True
Is 10 a factor of 244?
False
Does 32 divide 14112?
True
Is 2736 a multiple of 16?
True
Is 2020 a multiple of 11?
False
Does 17 divide 110857?
True
Is 27 a factor of 1377?
True
Is 11305 a multiple of 17?
True
Is 132 a multiple of 8?
False
Does 42 divide 4702?
False
Does 20 divide 840?
True
Is 9594 a multiple of 84?
False
Is 30684 a multiple of 4?
True
Is 1579 a multiple of 68?
False
Does 243 divide 51030?
True
Is 1122 a multiple of 17?
True
Does 14 divide 7916?
False
Is 19 a factor of 948?
False
Does 39 divide 4502?
False
Does 7 divide 98?
True
Is 119 a factor of 11293?
False
Is 824 a multiple of 46?
False
Is 12278 a multiple of 14?
True
Is 7827 a multiple of 3?
True
Is 12 a factor of 3696?
True
Is 9090 a multiple of 21?
False
Does 79 divide 1839?
False
Is 168 a multiple of 28?
True
Is 1572 a multiple of 12?
True
Does 88 divide 2200?
True
Does 47 divide 8695?
True
Is 33938 a multiple of 24?
False
Does 15 divide 20820?
True
Is 37 a factor of 2183?
True
Is 5748 even?
True
Is 48723 a multiple of 12?
False
Is 7 a factor of 385?
True
Is 67 a factor of 1675?
True
Is 236 a multiple of 4?
True
Does 33 divide 586?
False
Does 85 divide 2975?
True
Is 71790 a multiple of 17?
False
Is 56840 a multiple of 93?
False
Does 26 divide 20228?
True
Does 22 divide 9658?
True
Is 29 a factor of 10257?
False
Is 45 a factor of 4185?
True
Is 46 a factor of 3236?
False
Is 55 a factor of 1375?
True
Is 591 a multiple of 29?
False
Is 700 a multiple of 3?
False
Is 18 a factor of 714?
False
Does 25 divide 650?
True
Is 829 a multiple of 120?
False
Does 220 divide 21567?
False
Is 18 a factor of 19303?
False
Does 27 divide 35694?
True
Does 5 divide 766?
False
Is 3 a factor of 3640?
False
Is 3 a factor of 1974?
True
Is 6 a factor of 240?
True
Does 203 divide 11571?
True
Is 952 a multiple of 34?
True
Is 2074 a multiple of 122?
True
Is 5 a factor of 80?
True
Does 174 divide 10357?
False
Does 14 divide 387?
False
Is 104 a multiple of 2?
True
Does 11 divide 10169?
False
Is 3 a factor of 450?
True
Does 9 divide 3831?
False
Is 1907 a multiple of 40?
False
Does 6 divide 1999?
False
Is 497 a multiple of 25?
False
Is 62 a factor of 248?
True
Does 96 divide 831?
False
Does 47 divide 20312?
False
Is 61 a factor of 42985?
False
Is 3 a factor of 216?
True
Is 45 a factor of 1195?
False
Is 21 a factor of 6390?
False
Does 126 divide 886?
False
Is 602 a multiple of 7?
True
Does 3 divide 29?
False
Does 13 divide 329?
False
Is 18 a factor of 5414?
False
Does 16 divide 112?
True
Is 23 even?
False
Is 14 a factor of 38164?
True
Does 284 divide 66172?
True
Is 28 a factor of 728?
True
Is 29469 a multiple of 118?
False
Is 50 a factor of 749?
False
Is 7 a factor of 245?
True
Is 9633 a multiple of 169?
True
Does 22 divide 22?
True
Is 6446 a multiple of 23?
False
Is 868 a multiple of 62?
True
Does 51 divide 4590?
True
Does 149 divide 13708?
True
Is 11343 a multiple of 19?
True
Is 15 a factor of 1299?
False
Is 8 a factor of 532?
False
Is 266 a multiple of 19?
True
Is 17 a factor of 11147?
False
Is 50 a factor of 87469?
False
Is 2756 a multiple of 53?
True
Is 4418 a multiple of 33?
False
Is 86 a factor of 3612?
True
Does 30 divide 7665?
False
Is 37 a multiple of 2?
False
Is 2115 a multiple of 47?
True
Is 17 a factor of 84932?
True
Is 11 a factor of 4477?
True
Is 8 a factor of 16208?
True
Is 264 a multiple of 6?
True
Does 33 divide 136?
False
Is 735 a multiple of 7?
True
Does 92 divide 276?
True
Is 53 a factor of 477?
True
Does 16 divide 12591?
False
Does 105 divide 351?
False
Is 65 a factor of 9295?
True
Is 70 a factor of 16599?
False
Does 33 divide 16551?
False
Is 23307 a multiple of 24?
False
Is 13 a factor of 4303?
True
Is 44 a factor of 15488?
True
Is 462 a multiple of 14?
True
Does 29 divide 126324?
True
Is 2698 a multiple of 38?
True
Does 8 divide 520?
True
Is 7 a factor of 417?
False
Is 22842 a multiple of 30?
False
Is 67 a factor of 37721?
True
Is 240 a multiple of 16?
True
Does 34 divide 13960?
False
Does 27 divide 1188?
True
Is 2196 a multiple of 18?
True
Does 42 divide 5028?
False
Does 48 divide 1602?
False
Does 19 divide 6410?
False
Is 4518 a multiple of 40?
False
Is 2223 a multiple of 19?
True
Does 6 divide 23207?
False
Is 28 a factor of 1275?
False
Does 5 divide 750?
True
Does 14 divide 2720?
False
Is 42 a factor of 309?
False
Is 47 a factor of 94?
True
Is 42 a factor of 19152?
True
Is 38 a factor of 1597?
False
Is 24 a factor of 2282